62
What is the remainder when 198010 is divided by 49146?
1426
What is the remainder when 680751916 is divided by 2079?
2077
What is the remainder when 1567989 is divided by 4236?
669
What is the remainder when 17627648 is divided by 2463?
2420
What is the remainder when 611271 is divided by 27785?
1
What is the remainder when 2053741 is divided by 1057?
1047
Calculate the remainder when 872888 is divided by 3411.
3083
Calculate the remainder when 280571868 is divided by 1328.
1324
What is the remainder when 163651 is divided by 3629?
346
Calculate the remainder when 141977 is divided by 865.
117
Calculate the remainder when 14139499 is divided by 72.
67
Calculate the remainder when 401189 is divided by 1177.
1009
What is the remainder when 4342440 is divided by 43?
42
What is the remainder when 1084325 is divided by 28534?
33
What is the remainder when 57101 is divided by 5204?
5061
What is the remainder when 27899606 is divided by 4341?
4340
Calculate the remainder when 3959127 is divided by 659847.
45
Calculate the remainder when 523295 is divided by 453.
80
Calculate the remainder when 62772 is divided by 12495.
297
Calculate the remainder when 429914 is divided by 71638.
86
Calculate the remainder when 294508 is divided by 660.
148
What is the remainder when 61750 is divided by 739?
413
What is the remainder when 15517895 is divided by 3103577?
10
What is the remainder when 2405204 is divided by 7?
4
Calculate the remainder when 45600 is divided by 5599.
808
Calculate the remainder when 78008 is divided by 897.
866
What is the remainder when 276855 is divided by 18?
15
Calculate the remainder when 228893 is divided by 1541.
825
What is the remainder when 6615305 is divided by 22199?
3
What is the remainder when 1651871 is divided by 790?
771
Calculate the remainder when 9923791 is divided by 19.
15
Calculate the remainder when 632097 is divided by 5139.
0
What is the remainder when 146803 is divided by 622?
11
What is the remainder when 122077 is divided by 2955?
922
What is the remainder when 5480600 is divided by 4610?
3920
Calculate the remainder when 71528 is divided by 396.
248
Calculate the remainder when 6494647 is divided by 30.
7
What is the remainder when 28198082 is divided by 218?
0
Calculate the remainder when 4633429 is divided by 772236.
13
Calculate the remainder when 7953 is divided by 6106.
1847
What is the remainder when 5403617 is divided by 2701803?
11
What is the remainder when 58104351 is divided by 33?
30
What is the remainder when 29631651 is divided by 5926327?
16
Calculate the remainder when 130437761 is divided by 524.
13
What is the remainder when 3191173557 is divided by 8?
5
Calculate the remainder when 4493390 is divided by 408456.
374
What is the remainder when 450981201 is divided by 5831?
5830
Calculate the remainder when 78463700 is divided by 15.
5
Calculate the remainder when 132700 is divided by 64913.
2874
Calculate the remainder when 251574318 is divided by 62893577.
10
Calculate the remainder when 911977 is divided by 455982.
13
Calculate the remainder when 24699162 is divided by 6174789.
6
What is the remainder when 395053 is divided by 78822?
943
What is the remainder when 25300895 is divided by 39?
35
Calculate the remainder when 210064 is divided by 4115.
199
What is the remainder when 85537 is divided by 83982?
1555
Calculate the remainder when 377014 is divided by 376898.
116
Calculate the remainder when 1613556 is divided by 116.
112
Calculate the remainder when 199431 is divided by 5714.
5155
What is the remainder when 3549303 is divided by 3044?
3043
Calculate the remainder when 274238 is divided by 3791.
1286
What is the remainder when 62518964 is divided by 41?
32
What is the remainder when 483230 is divided by 12388?
98
What is the remainder when 89889 is divided by 396?
393
What is the remainder when 2440217 is divided by 948?
65
Calculate the remainder when 73832 is divided by 1412.
408
Calculate the remainder when 9711058 is divided by 713.
711
Calculate the remainder when 93926 is divided by 1570.
1296
What is the remainder when 67021274 is divided by 21?
5
What is the remainder when 3733504 is divided by 9?
7
Calculate the remainder when 3740 is divided by 253.
198
Calculate the remainder when 166572 is divided by 18403.
945
What is the remainder when 1127203937 is divided by 1134?
1133
What is the remainder when 304273 is divided by 13228?
29
What is the remainder when 20069918 is divided by 4013980?
18
Calculate the remainder when 1460946 is divided by 730471.
4
Calculate the remainder when 110351 is divided by 27561.
107
What is the remainder when 165114 is divided by 42?
12
Calculate the remainder when 14807 is divided by 841.
510
What is the remainder when 17485841 is divided by 4371454?
25
What is the remainder when 1005589 is divided by 335132?
193
What is the remainder when 64260766 is divided by 3716?
3694
What is the remainder when 499310 is divided by 176?
174
Calculate the remainder when 237577 is divided by 6443.
5629
Calculate the remainder when 17378192 is divided by 2172.
20
What is the remainder when 8933727 is divided by 44?
11
What is the remainder when 23323072 is divided by 1928?
56
What is the remainder when 1992979 is divided by 438?
79
Calculate the remainder when 493483 is divided by 191.
130
What is the remainder when 8449538 is divided by 4037?
97
Calculate the remainder when 2194948 is divided by 24388.
28
What is the remainder when 1212259 is divided by 35?
34
What is the remainder when 493741 is divided by 123409?
105
Calculate the remainder when 523847 is divided by 139.
95
What is the remainder when 38040127 is divided by 4?
3
Calculate the remainder when 4347022 is divided by 1449001.
19
What is the remainder when 1871740 is divided by 935811?
118
Calculate the remainder when 253028321 is divided by 5931.
5930
What is the remainder when 5527159 is divided by 1843?
2
Calculate the remainder when 21750429 is divided by 18702.
3
What is the remainder when 92608264 is divided by 2894008?
8
What is the remainder when 34096 is divided by 2744?
1168
Calculate the remainder when 1003247 is divided by 7265.
677
What is the remainder when 790775 is divided by 14376?
95
What is the remainder when 17182590 is divided by 128?
126
Calculate the remainder when 2894901 is divided by 8773.
8584
Calculate the remainder when 45667 is divided by 22587.
493
What is the remainder when 152528 is divided by 7865?
3093
Calculate the remainder when 162757 is divided by 3209.
2307
Calculate the remainder when 815345 is divided by 53995.
5420
Calculate the remainder when 24510162 is divided by 14.
12
Calculate the remainder when 1323223 is divided by 6126.
7
What is the remainder when 9640208 is divided by 413?
375
What is the remainder when 2000088 is divided by 1521?
1494
Calculate the remainder when 11638667 is divided by 2963.
3
Calculate the remainder when 2765024 is divided by 554.
10
What is the remainder when 2356678 is divided by 53559?
82
Calculate the remainder when 241740 is divided by 937.
931
Calculate the remainder when 77652 is divided by 2553.
1062
Calculate the remainder when 348325 is divided by 1935.
25
Calculate the remainder when 8545492 is divided by 324.
316
Calculate the remainder when 3803861 is divided by 97531.
152
What is the remainder when 83520802 is divided by 1068?
1066
Calculate the remainder when 20285085 is divided by 71.
30
What is the remainder when 326183 is divided by 466?
449
What is the remainder when 2320660 is divided by 82880?
20
Calculate the remainder when 1595275 is divided by 83957.
92
What is the remainder when 41638331 is divided by 35?
21
Calculate the remainder when 61858 is divided by 4573.
2409
What is the remainder when 2669911 is divided by 444981?
25
Calculate the remainder when 27800 is divided by 8822.
1334
What is the remainder when 63485 is divided by 1204?
877
What is the remainder when 4310964 is divided by 1614?
1584
Calculate the remainder when 187321 is divided by 93656.
9
What is the remainder when 668591 is divided by 24?
23
Calculate the remainder when 316738 is divided by 105539.
121
Calculate the remainder when 119718 is divided by 19944.
54
Calculate the remainder when 6897072 is divided by 3448526.